- 14004. Calculate q(66).
-12
Let m(x) = 27862*x + 83738. Calculate m(-3).
152
Let n(d) = 410*d**2 - 4911*d - 3. What is n(12)?
105
Let p(z) = 8*z**2 + 848*z + 3492. Determine p(-4).
228
Let w(y) = -2*y**3 + 96*y**2 - 106*y - 3605. Determine w(46).
-17
Let g(x) = -x**2 - 31421*x + 282843. Calculate g(9).
-27
Let x(u) = u**2 + 23*u - 586. Calculate x(-11).
-718
Let d(l) = -4681*l + 70205. Determine d(15).
-10
Let q(i) = 30746*i + 61468. Determine q(-2).
-24
Let r(w) = 560*w + 39320. What is r(-71)?
-440
Let r(b) = -3*b**2 - 1168*b - 7963. What is r(-7)?
66
Let a(v) = -2070*v - 4113. Calculate a(-2).
27
Let c(n) = -n**2 + 163*n + 12913. Calculate c(223).
-467
Let p(u) = -4*u**2 - 302*u - 11. Calculate p(-76).
-163
Let s(f) = -f**2 + 1455*f - 34558. Determine s(24).
-214
Let r(j) = 3*j**3 + 37*j**2 + 130*j + 95. Give r(-6).
-1
Let q(k) = 28585*k + 371635. Calculate q(-13).
30
Let l(w) = 53*w - 4184. Determine l(63).
-845
Let p(h) = -38293*h - 76616. Calculate p(-2).
-30
Let a(q) = -1314*q - 2019. Give a(-2).
609
Let i(v) = 33*v**2 + 264*v + 34. Give i(-11).
1123
Let l(m) = -1372*m - 1075. Give l(-2).
1669
Let f(w) = -20*w**2 - 660*w + 86. Calculate f(-33).
86
Let a(q) = q**3 - 21*q**2 + 32*q + 9. Determine a(20).
249
Let p(h) = -6644*h - 33098. Determine p(-5).
122
Let j(a) = 886*a**2 - 48*a + 9. Determine j(0).
9
Let c(t) = -t**3 - 34*t**2 - 140*t - 587. What is c(-30)?
13
Let y(x) = -964881*x - 964878. Give y(-1).
3
Let n(q) = q**3 + 35*q**2 + 17*q - 892. What is n(-16)?
3700
Let p(q) = 19393*q - 58129. Determine p(3).
50
Let z(v) = -v**3 - 148*v**2 + 2443*v - 4282. What is z(2)?
4
Let f(m) = 3*m**2 - 9792*m + 95. Give f(0).
95
Let y(g) = 2*g**2 - 1535*g - 73140. What is y(-45)?
-15
Let l(s) = 199*s - 660. Determine l(3).
-63
Let p(s) = -s**2 - 32326*s - 613818. Calculate p(-19).
15
Let o(f) = -f**2 - 1373*f + 20905. What is o(15)?
85
Let a(s) = 4006*s + 528804. Calculate a(-132).
12
Let g(w) = -771*w - 13755. Give g(-19).
894
Let k(h) = -175*h + 21382. Determine k(90).
5632
Let d(l) = -190*l**2 + 11587*l + 184. Determine d(61).
1
Let a(c) = -63*c**3 - 5290*c**2 + 188*c + 1842. What is a(-84)?
162
Let p(u) = -2679*u + 819812. Calculate p(306).
38
Let a(w) = -3*w**3 + 111*w**2 - 424*w - 191. Calculate a(34).
-4203
Let m(z) = -656*z + 36239. What is m(57)?
-1153
Let w(q) = -6526*q + 1507521. Determine w(231).
15
Let b(m) = 14677*m - 205476. What is b(14)?
2
Let m(k) = -13077*k + 104621. Calculate m(8).
5
Let b(d) = d**2 + 901*d + 184031. What is b(-588)?
-13
Let c(m) = -3*m**2 + 1088*m + 25392. Calculate c(-22).
4
Let o(b) = 9*b**2 + 2486*b - 7083. What is o(-279)?
-108
Let q(r) = -70*r**2 - 1138*r - 448. Give q(-16).
-160
Let s(t) = -105*t**2 - 652*t - 66. Determine s(-8).
-1570
Let n(z) = z**3 + 13*z**2 - 2837*z - 34209. What is n(-12)?
-21
Let m(q) = 4492*q + 85402. What is m(-19)?
54
Let o(h) = -930*h - 351383. What is o(-378)?
157
Let y(x) = -256*x + 9943. Calculate y(39).
-41
Let j(k) = -2*k**3 + 357*k**2 - 192*k + 2726. Determine j(178).
234
Let w(k) = 6534*k - 52160. What is w(8)?
112
Let b(d) = -d**2 + 16*d + 952. Determine b(-37).
-1009
Let m(s) = -66*s**2 + 655*s - 616. Calculate m(1).
-27
Let r(i) = -432*i**2 + 14256*i - 16. What is r(33)?
-16
Let q(g) = -4*g**2 - 164*g + 1780. What is q(9)?
-20
Let j(n) = -28*n**2 + 3331*n + 13442. Give j(-4).
-330
Let d(i) = 1671*i - 85174. Determine d(51).
47
Let b(s) = -2*s**2 + 196*s - 2440. Give b(84).
-88
Let k(h) = -4*h**2 - 53205*h - 425527. What is k(-8)?
-143
Let j(k) = -2*k**3 - 35*k**2 - 9*k - 33. Give j(-7).
-999
Let v(o) = -1160*o**2 - 498797*o + 1298. Calculate v(-430).
8
Let w(r) = r**3 + 12749*r**2 - 102059*r - 12. What is w(8)?
-36
Let a(r) = 3*r**2 + 386*r + 2259. Calculate a(-122).
-181
Let g(m) = 51*m**3 + 663*m**2 - 79*m - 1144. What is g(-13)?
-117
Let f(l) = 32343*l + 4625051. Determine f(-143).
2
Let y(o) = 4489*o - 646417. What is y(144)?
-1
Let c(x) = -x**3 - 89*x**2 + 772*x + 163. Calculate c(-97).
551
Let r(g) = -g**2 + 107*g - 2819. Determine r(50).
31
Let x(u) = 2*u**3 - 17*u**2 + 58*u - 179. Calculate x(9).
424
Let a(m) = -62*m**2 + 86*m - 94. What is a(2)?
-170
Let o(s) = -s**3 + 5*s**2 - 17*s + 234. Calculate o(0).
234
Let f(n) = -83340*n + 666541. Determine f(8).
-179
Let x(q) = -q**3 + 2*q**2 + 101*q + 9. Determine x(-9).
-9
Let i(y) = -1391*y**2 + 140496*y - 510. Give i(101).
-5
Let o(k) = 9*k**2 + 197*k + 506. What is o(-18)?
-124
Let m(o) = -2*o**3 + 11*o**2 + 256*o - 77. Calculate m(13).
716
Let c(j) = -4*j**2 + 33*j - 99. Give c(11).
-220
Let a(k) = -100829*k - 806614. Calculate a(-8).
18
Let n(p) = -3*p**2 + 54*p - 319. Give n(15).
-184
Let a(q) = -17*q**3 - 108*q**2 - 106*q + 27. Give a(-5).
-18
Let q(f) = -6585*f + 65858. Give q(10).
8
Let h(r) = -102636*r + 513174. Give h(5).
-6
Let h(u) = -2*u**3 + 57*u**2 + 246*u - 7712. Give h(28).
-40
Let r(p) = -2*p**2 - 1381*p - 6843. What is r(-5)?
12
Let k(y) = 2017029*y + 2017039. Determine k(-1).
10
Let u(a) = -10656*a + 298378. Calculate u(28).
10
Let d(h) = -246*h - 5912. Calculate d(-24).
-8
Let v(c) = c**3 - 86*c**2 - 882*c + 63921. Give v(88).
1793
Let x(y) = -65*y**2 + 3822*y + 579. Give x(59).
-188
Let c(z) = z**3 + 115*z**2 + 3232*z - 92. What is c(-49)?
6
Let n(b) = -13*b**2 + 1663*b - 5085. Determine n(125).
-335
Let w(x) = -192*x**2 - 6542*x - 458. What is w(-34)?
18
Let n(o) = 8*o**2 + 173*o - 1237. Calculate n(6).
89
Let l(o) = -4*o**3 + 11*o**2 - 163*o + 314. Give l(8).
-2334
Let s(g) = -2487*g - 7386. Give s(-3).
75
Let s(w) = -510*w + 24010. What is s(48)?
-470
Let f(w) = -2786*w + 30678. Calculate f(11).
32
Let p(f) = -58*f + 2723. Give p(51).
-235
Let m(r) = 13096*r + 78642. Calculate m(-6).
66
Let f(v) = 5424*v - 37983. Give f(7).
-15
Let q(t) = t**2 - 34888*t + 1045751. What is q(30)?
11
Let g(m) = -m**2 - 9866*m + 158409. Give g(16).
297
Let b(k) = 2*k**2 - 2400*k - 1069849. Determine b(-346).
-17
Let k(a) = -2*a**2 - 390*a - 780. Give k(-2).
-8
Let c(v) = 212*v**2 - 2133*v + 29. What is c(10)?
-101
Let w(c) = -798*c - 6210. Calculate w(-8).
174
Let s(q) = -5247*q + 1421922. Determine s(271).
-15
Let t(l) = -9*l**2 + 3390*l - 22183. What is t(370)?
17
Let w(n) = 1253*n**3 - 21*n**2 + 15*n + 5. Give w(1).
1252
Let i(o) = 2*o**2 + 448*o + 15845. Calculate i(-180).
5
Let t(k) = k**3 + 686*k**2 + 665*k - 13767. Give t(-685).
-67
Let h(a) = -2*a**3 + 20*a**2 + 71*a - 517. Determine h(11).
22
Let w(d) = 831*d - 9761. Give w(12).
211
Let l(v) = 4*v**2 + 4428*v + 48224. Calculate l(-11).
0
Let k(p) = 2*p**3 - 22*p**2 + 150*p + 562. Calculate k(-3).
-140
Let w(j) = -3*j**3 + 95*j**2 + 134*j - 179. Give w(33).
-113
Let h(q) = 3*q**2 + 701*q + 25583. Calculate h(-45).
113
Let y(g) = 13*g**3 + 5*g**2 - 55*g - 303. Give y(-5).
-1528
Let b(o) = o**2 + 65*o - 3837. Determine b(36).
-201
Let b(v) = 2*v**2 + 6120*v - 42880. What is b(7)?
58
Let v(o) = 4*o**3 + 1194*o**2 - 5459*o - 1514. Give v(-303).
1
Let f(k) = -32029*k - 56691337. What is f(-1770)?
-7
Let v(m) = -m**3 + 36*m**2 - 124*m - 366. Determine v(32).
-238
Let q(w) = -5*w**2 - 8117*w - 24344. Give q(-3).
-38
Let n(m) = -20*m**3 - 1259*m**2 + 67*m + 290. What is n(-63)?
38
Let w(k) = 55*k**2 - 753*k + 2484. Determine w(8).
-20
Let v(h) = -4341*h + 7088828. Give v(1633).
-25
Let k(m) = -m**2 + 98*m + 1584. Give k(114).
-240
Let o(x) = -36*x**3 - 233*x**2 - 12*x - 8. Determine o(-6).
-548
Let i(k) = -k**2 + 380*k - 3722. Calculate i(10).
-22
Let h(w) = 32922*w - 1613227. Give h(49).
-49
Let w(j) = 7*j**2 + 5733*j - 22945. Give w(4).
99
Let x(u) = -3*u**2 + 519*u - 14098. What is x(139)?
80
Let c(z) = 20*z**3 - 52*z**2 - 3*z + 24. Calculate c(4).
460
Let d(m) = m**3 - 148*m**2 - 92*m - 8523. Determine d(149).
-30
Let t(c) = -24739*c - 816330. Give t(-33).
57
Let x(t) = 25*t**2 + 9*t - 964. Calculate x(6).
-10
Let n(a) = -a**2 - 461*a - 31395. Give n(-378).
-21
Let s(z) = z**3 - 44*z**2 + 46*z - 33. What is s(43)?
96
Let h(t) = t**2 - 812*t - 12930. Determine h(-16).
318
Let g(c) = -c**3 - 15*c**2 + 266*c + 4220. Give g(-17).
276
Let d(o) = o**3 - 162*o**2 - 2*o + 207. Give d(162).
-117
Let k(o) = 6*o**2 - 757*o + 6764. Determine k(9).
437
Let z(d) = -510*d - 40623. What is z(-85)?
2727
Let k(h) = h**3 + 13*h**2 - 16*h + 223. Give k(-14).
251
Let t